{"id":1177,"date":"2021-04-30T20:14:59","date_gmt":"2021-04-30T17:14:59","guid":{"rendered":"http:\/\/www.osmanincimuzesi.com\/?page_id=1177"},"modified":"2025-12-10T13:52:44","modified_gmt":"2025-12-10T10:52:44","slug":"hakkimizda-2","status":"publish","type":"page","link":"http:\/\/www.osmanincimuzesi.com\/index.php\/hakkimizda-2\/","title":{"rendered":"Hakk\u0131m\u0131zda"},"content":{"rendered":"\r\n\r\n\r\n<p>Osman \u0130nci M\u00fczesi, Edirne\u2019nin Karaa\u011fa\u00e7 mahallesinde 25 Kas\u0131m 2017 tarihinde a\u00e7\u0131lm\u0131\u015ft\u0131r. Karaa\u011fa\u00e7 beldesindeki yap\u0131 cepheleri ve plan tipolojisi yorumlanarak projelendirilen m\u00fcze Osman \u0130nci Bilim, Sanat, K\u00fclt\u00fcr, M\u00fczecilik ve Tur. ve Tic. A.\u015e. taraf\u0131ndan kurulmu\u015ftur.<\/p>\r\n<p>M\u00fcze i\u00e7eri\u011finde \u00e7a\u011fda\u015f resim, heykel, seramik, mozaik ve \u00e7ini, etnografik giysiler, dolma kalem ve oyuncak araba seksiyonlar\u0131 yer almaktad\u0131r. Te\u015fhir alan\u0131nda yerli ve yabanc\u0131 sanat\u00e7\u0131lara ait eserler sergilenmektedir. K\u00fct\u00fcphane b\u00f6l\u00fcm\u00fcnde Hasan Pulur, Prof. Dr. Vural Solok ve Prof. Dr. Osman \u0130nci\u2019nin arma\u011fan etmi\u015f oldu\u011fu 5 bine yak\u0131n dergi, bilim, sanat, edebiyat ve tarih kitaplar\u0131 ziyaret\u00e7iler taraf\u0131nda incelenebilmektedir.<\/p>\r\n<p>M\u00fczenin s\u00fcreklili\u011fi, ya\u015fayan m\u00fcze ve m\u00fczelerin e\u011fitim misyonunu vurgulamak amac\u0131yla \u00e7ocuk ve yeti\u015fkinlere y\u00f6nelik sanat at\u00f6lyeleri yap\u0131lmaktad\u0131r. \u00d6zellikle m\u00fczelerin e\u011fitim misyonu kapsam\u0131nda \u00e7ocuklar\u0131n, ara\u015ft\u0131rmac\u0131 ve sorgulay\u0131c\u0131 yanlar\u0131n\u0131 geli\u015ftirmek, hayal g\u00fcc\u00fc, yarat\u0131c\u0131l\u0131k ve estetik duygusunun geli\u015fmesini sa\u011flamak, k\u00fclt\u00fcr varl\u0131klar\u0131n\u0131n korumas\u0131n\u0131 ve sahiplenmesini ama\u00e7 edinerek e\u011fitim programlar\u0131 haz\u0131rlanmaktad\u0131r. \u00c7ocuk ve yeti\u015fkinlere y\u00f6nelik at\u00f6lye \u00e7al\u0131\u015fmalar\u0131n\u0131n yan\u0131 s\u0131ra ziyaret\u00e7ilerimizi bilin\u00e7lendirmek ve toplumun k\u00fclt\u00fcr d\u00fczeyini y\u00fckseltmek amac\u0131yla M\u00fczede Sinema Geceleri, K\u00fclt\u00fcr-Sanat S\u00f6yle\u015fileri gibi k\u00fclt\u00fcrel etkinlikler yap\u0131lmaktad\u0131r.<\/p>\r\n<p>M\u00fcze binas\u0131n\u0131n zemin kat\u0131nda bulunan Sanat Galerisi\u2019nde Edirne\u2019de s\u00fcreli sergilerin profesyonelce ger\u00e7ekle\u015ftirildi\u011fi sergi alan\u0131n\u0131 ziyaret\u00e7ilerimiz \u00fccretsiz olarak geze- bilmektedir. Sanat Galerisi\u2019nde bireysel veya karma sergilerin ger\u00e7ekle\u015ftirilmesinin yan\u0131 s\u0131ra, bilimsel ve e\u011fitim toplant\u0131lar\u0131, kurslar, \u00e7al\u0131\u015ftaylar, sanat ve k\u00fclt\u00fcr etkinlikleri de d\u00fczenlenmektedir.<\/p>\r\n<p>M\u00fcze binas\u0131n\u0131n giri\u015f kat\u0131nda yer alan ve ziyaret\u00e7ilerimizin zaruri ihtiya\u00e7lar\u0131n\u0131 giderebilece\u011fi M\u00fcze Kafeteryam\u0131zda, konuklar\u0131m\u0131za hijyenik ko\u015fullarda s\u0131cak-so\u011fuk sunumlar da yap\u0131lmaktad\u0131r. Kafeteryam\u0131zda yer alan k\u00fct\u00fcphane b\u00f6l\u00fcm\u00fcnden ziyaret\u00e7ilerimiz \u00fccretsiz olarak yararlanabilmektedir. M\u00fcze Kafeterya her g\u00fcn a\u00e7\u0131k olup kahvalt\u0131, \u00f6zel toplant\u0131lara ve etkinliklere de hizmet verebilecek donan\u0131mdad\u0131r.<\/p>\r\n<p><strong>M\u00fcze Ziyaret G\u00fcnleri<\/strong>: \u00c7ar\u015famba-Pazar<\/p>\r\n\r\n\r\n\r\n\r\n\r\n<p><strong>Ziyaret Saati:<\/strong>\u00a010.00-17.30<\/p>\r\n\r\n\r\n<hr class=\"wp-block-separator\" \/>\r\n\r\n\r\n<p><strong>MUSEUM<\/strong><\/p>\r\n\r\n\r\n\r\n<p>Contemporary paintings, sculptures, ceramic, mosaic and tiles, ethnographic garments, fountain pen and toy car collection are exhibited in the museum. In the\u00a0<strong>Workshop of the Museum<\/strong>, art activities are organized both for children and adults. Also, The science, art, literature and history books that were given by Hasan Pulur, Prof.Dr. Vural Solok, Prof. Dr. Osman \u0130nci can be examined in library of the Museum.<\/p>\r\n\r\n\r\n\r\n<p><strong>ART GALLERY<\/strong><\/p>\r\n\r\n\r\n\r\n<p>In the gallery, periodical exhibitions, scientific and educational meetings, courses, workshops, other science, art and cultural events are organized.<\/p>\r\n\r\n\r\n\r\n<p><strong>MUSEUM CAFETERIA<\/strong><\/p>\r\n\r\n\r\n\r\n<p>Home-made pastries, cakes and pies, \u201cbosnian pastry\u201d are served to our guests in hygienic conditions. In addition, the Museum Cafeteria is open every day and is also equipped to serve special meetings and events.<\/p>\r\n\r\n\r\n<hr class=\"wp-block-separator\" \/>\r\n\r\n\r\n<p><strong>\u041c\u0423\u0417\u0415\u0419<\/strong><\/p>\r\n\r\n\r\n\r\n<p>\u0412 \u043c\u0443\u0437\u0435\u044f \u0441\u0430 \u0438\u0437\u043b\u043e\u0436\u0435\u043d\u0438 \u0441\u044a\u0432\u0440\u0435\u043c\u0435\u043d\u043d\u0430 \u0436\u0438\u0432\u043e\u043f\u0438\u0441, \u0441\u043a\u0443\u043b\u043f\u0442\u0443\u0440\u0430, \u043a\u0435\u0440\u0430\u043c\u0438\u043a\u0430, \u043c\u043e\u0437\u0430\u0439\u043a\u0430 \u0438 \u043f\u043e\u0440\u0446\u0435\u043b\u0430\u043d, \u0435\u0442\u043d\u043e\u0433\u0440\u0430\u0444\u0441\u043a\u0438 \u043e\u0431\u043b\u0435\u043a\u043b\u0430, \u043f\u0438\u0441\u0430\u043b\u043a\u0438 \u0438 \u043a\u043e\u043b\u0435\u043a\u0446\u0438\u044f \u043e\u0442\u00a0\u0438\u0433\u0440\u0430\u0447\u043a\u0438 \u043a\u043e\u043b\u0438. \u0410\u0440\u0442 \u0440\u0430\u0431\u043e\u0442\u0438\u043b\u043d\u0438\u0446\u0438 \u0437\u0430 \u0434\u0435\u0446\u0430 \u0438 \u0432\u044a\u0437\u0440\u0430\u0441\u0442\u043d\u0438 \u0441\u0435 \u043f\u0440\u043e\u0432\u0435\u0436\u0434\u0430\u0442 \u0432 \u043c\u0443\u0437\u0435\u0439\u043d\u0430\u0442\u0430 \u0440\u0430\u0431\u043e\u0442\u0438\u043b\u043d\u0438\u0446\u0430. \u0421\u044a\u0449\u043e \u0442\u0430\u043a\u0430 \u0432 \u0431\u0438\u0431\u043b\u0438\u043e\u0442\u0435\u043a\u0430\u0442\u0430 \u043d\u0430 \u043c\u0443\u0437\u0435\u044f \u043f\u0440\u0438\u043d\u0430\u0434\u043b\u0435\u0436\u0430\u0449\u0438 \u043d\u0430 \u0425\u0430\u0441\u0430\u043d \u041f\u0443\u043b\u0443\u0440, \u043f\u0440\u043e\u0444. \u0414-\u0440 Vural Solok \u0438 \u043f\u0440\u043e\u0444. \u0414-\u0440 \u041e\u0441\u043c\u0430\u043d \u0418\u043d\u0434\u0436\u0438, \u043c\u043e\u0433\u0430\u0442 \u0434\u0430 \u0431\u044a\u0434\u0430\u0442 \u0438\u0437\u0441\u043b\u0435\u0434\u0432\u0430\u043d\u0438.<\/p>\r\n\r\n\r\n\r\n<p><strong>\u0410\u0420\u0422 \u0413\u0410\u041b\u0415\u0420\u0418\u042f<\/strong><\/p>\r\n\r\n\r\n\r\n<p>\u0412 \u0433\u0430\u043b\u0435\u0440\u0438\u044f\u0442\u0430 \u0441\u0435 \u043e\u0440\u0433\u0430\u043d\u0438\u0437\u0438\u0440\u0430\u0442 \u043f\u0435\u0440\u0438\u043e\u0434\u0438\u0447\u043d\u0438 \u0438\u0437\u043b\u043e\u0436\u0431\u0438, \u043d\u0430\u0443\u0447\u043d\u0438 \u0438 \u043e\u0431\u0440\u0430\u0437\u043e\u0432\u0430\u0442\u0435\u043b\u043d\u0438 \u0441\u0440\u0435\u0449\u0438, \u043a\u0443\u0440\u0441\u043e\u0432\u0435, \u0441\u0435\u043c\u0438\u043d\u0430\u0440\u0438, \u0434\u0440\u0443\u0433\u0438 \u043d\u0430\u0443\u0447\u043d\u0438, \u0445\u0443\u0434\u043e\u0436\u0435\u0441\u0442\u0432\u0435\u043d\u0438 \u0438 \u043a\u0443\u043b\u0442\u0443\u0440\u043d\u0438 \u0441\u044a\u0431\u0438\u0442\u0438\u044f.<\/p>\r\n\r\n\r\n\r\n<p><strong>\u041c\u0423\u0417\u0415\u0419\u041d\u0410 \u041a\u0410\u0424\u0415\u0422\u0415\u0420\u0418\u042f<\/strong><\/p>\r\n\r\n\r\n\r\n<p>\u0412 \u043c\u0443\u0437\u0435\u0439\u043d\u0430\u0442a\u00a0\u043a\u0430\u0444\u0435\u0442\u0435\u0440\u0438\u044f \u0434\u043e\u043c\u0430\u0448e\u043d\u00a0\u0431\u044e\u0440\u0435\u043a, \u0442\u043e\u0440\u0442\u0438 \u0438 \u0441\u043b\u0430\u0434\u043a\u0438\u0448\u0438,\u00a0\u0411\u043e\u0441\u043d\u0435\u043d\u0441\u043a\u0438\u00a0\u0431\u044e\u0440\u0435\u043a\u00a0\u0441\u0435 \u043f\u0440\u0435\u0434\u043b\u0430\u0433\u0430\u0442 \u043d\u0430 \u043d\u0430\u0448\u0438\u0442\u0435 \u0433\u043e\u0441\u0442\u0438 \u0432 \u0445\u0438\u0433\u0438\u0435\u043d\u043d\u0438 \u0443\u0441\u043b\u043e\u0432\u0438\u044f. \u041e\u0441\u0432\u0435\u043d \u0442\u043e\u0432\u0430 \u043c\u0443\u0437\u0435\u0439\u043d\u0430\u0442a\u00a0\u043a\u0430\u0444\u0435\u0442\u0435\u0440\u0438\u044f \u0435 \u043e\u0442\u0432\u043e\u0440\u0435\u043da\u00a0\u0432\u0441\u0435\u043a\u0438 \u0434\u0435\u043d, \u0437\u0430 \u0437\u0430\u043a\u0443\u0441\u043a\u0430, \u0441\u043f\u0435\u0446\u0438\u0430\u043b\u043d\u0438 \u0441\u0440\u0435\u0449\u0438 \u0438 \u0441\u044a\u0431\u0438\u0442\u0438\u044f<\/p>\r\n\r\n\r\n<hr class=\"wp-block-separator\" \/>\r\n\r\n\r\n<p><strong>\u039c\u039f\u03a5\u03a3\u0395\u0399\u039f<\/strong><\/p>\r\n\r\n\r\n\r\n<p>\u03a3\u03c4\u03bf \u03bc\u03bf\u03c5\u03c3\u03b5\u03af\u03bf \u03b5\u03ba\u03c4\u03af\u03b8\u03b5\u03bd\u03c4\u03b1\u03b9 \u03c3\u03cd\u03b3\u03c7\u03c1\u03bf\u03bd\u03b1 \u03ad\u03c1\u03b3\u03b1 \u03b6\u03c9\u03b3\u03c1\u03b1\u03c6\u03b9\u03ba\u03ae\u03c2, \u03b3\u03bb\u03c5\u03c0\u03c4\u03ac, \u03ba\u03b5\u03c1\u03b1\u03bc\u03b9\u03ba\u03ac, \u03c8\u03b7\u03c6\u03b9\u03b4\u03c9\u03c4\u03ac \u03ba\u03b1\u03b9 \u03c0\u03bb\u03b1\u03ba\u03ac\u03ba\u03b9\u03b1, \u03b5\u03b8\u03bd\u03b9\u03ba\u03ad\u03c2 \u03b5\u03bd\u03b4\u03c5\u03bc\u03b1\u03c3\u03af\u03b5\u03c2, \u03c3\u03c5\u03bb\u03bb\u03bf\u03b3\u03ae \u03c4\u03c9\u03bd \u03c3\u03c4\u03c5\u03bb\u03bf\u03b3\u03c1\u03ac\u03c6\u03c9\u03bd \u03ba\u03b1\u03b9 \u03c0\u03b1\u03b9\u03c7\u03bd\u03b9\u03b4\u03b9\u03ce\u03bd.\u00a0<strong>\u03a3\u03c4\u03bf \u0395\u03c1\u03b3\u03b1\u03c3\u03c4\u03ae\u03c1\u03b9 \u03c4\u03bf\u03c5 \u039c\u03bf\u03c5\u03c3\u03b5\u03af\u03bf\u03c5<\/strong>\u00a0\u03bf\u03c1\u03b3\u03b1\u03bd\u03ce\u03bd\u03bf\u03bd\u03c4\u03b1\u03b9 \u03ba\u03b1\u03bb\u03bb\u03b9\u03c4\u03b5\u03c7\u03bd\u03b9\u03ba\u03ad\u03c2 \u03b4\u03c1\u03b1\u03c3\u03c4\u03b7\u03c1\u03b9\u03cc\u03c4\u03b7\u03c4\u03b5\u03c2 \u03b3\u03b9\u03b1 \u03c0\u03b1\u03b9\u03b4\u03b9\u03ac \u03ba\u03b1\u03b9 \u03b5\u03bd\u03ae\u03bb\u03b9\u03ba\u03b5\u03c2. \u0395\u03c0\u03af\u03c3\u03b7\u03c2 \u03c3\u03c4\u03b7 \u0392\u03b9\u03b2\u03bb\u03b9\u03bf\u03b8\u03ae\u03ba\u03b7 \u03c4\u03bf\u03c5 \u039c\u03bf\u03c5\u03c3\u03b5\u03af\u03bf\u03c5 \u03bc\u03c0\u03bf\u03c1\u03bf\u03cd\u03bd \u03bd\u03b1 \u03bc\u03b5\u03bb\u03b5\u03c4\u03b7\u03b8\u03bf\u03cd\u03bd \u03c4\u03b1 \u03b2\u03b9\u03b2\u03bb\u03af\u03b1 \u03c4\u03bf\u03c5 Hasan Pulur, \u03c4\u03bf\u03c5 \u03ba\u03b1\u03b8\u03b7\u03b3\u03b7\u03c4\u03ae Dr. Vural Solok \u03ba\u03b1\u03b9 \u03c4\u03bf\u03c5 \u03ba\u03b1\u03b8\u03b7\u03b3\u03b7\u03c4\u03ae Dr. Osman \u0130nci.<\/p>\r\n\r\n\r\n\r\n<p><strong>\u0393\u039a\u0391\u039b\u0395\u03a1\u0399 \u03a4\u0395\u03a7\u039d\u0397\u03a3<\/strong><\/p>\r\n\r\n\r\n\r\n<p>\u03a3\u03c4\u03b7 \u03b3\u03ba\u03b1\u03bb\u03b5\u03c1\u03af \u03b4\u03b9\u03bf\u03c1\u03b3\u03b1\u03bd\u03ce\u03bd\u03bf\u03bd\u03c4\u03b1\u03b9 \u03c0\u03b5\u03c1\u03b9\u03bf\u03b4\u03b9\u03ba\u03ad\u03c2 \u03b5\u03ba\u03b8\u03ad\u03c3\u03b5\u03b9\u03c2, \u03b5\u03c0\u03b9\u03c3\u03c4\u03b7\u03bc\u03bf\u03bd\u03b9\u03ba\u03ad\u03c2 \u03ba\u03b1\u03b9 \u03b5\u03ba\u03c0\u03b1\u03b9\u03b4\u03b5\u03c5\u03c4\u03b9\u03ba\u03ad\u03c2 \u03c3\u03c5\u03bd\u03b1\u03bd\u03c4\u03ae\u03c3\u03b5\u03b9\u03c2, \u03c3\u03b5\u03b9\u03c1\u03ac \u03bc\u03b1\u03b8\u03b7\u03bc\u03ac\u03c4\u03c9\u03bd, \u03b5\u03c1\u03b3\u03b1\u03c3\u03c4\u03ae\u03c1\u03b9\u03b1, \u03ac\u03bb\u03bb\u03b5\u03c2 \u03b5\u03c0\u03b9\u03c3\u03c4\u03ae\u03bc\u03b5\u03c2, \u03c4\u03ad\u03c7\u03bd\u03b5\u03c2 \u03ba\u03b1\u03b9 \u03c0\u03bf\u03bb\u03b9\u03c4\u03b9\u03c3\u03c4\u03b9\u03ba\u03ad\u03c2 \u03b5\u03ba\u03b4\u03b7\u03bb\u03ce\u03c3\u03b5\u03b9\u03c2.<\/p>\r\n\r\n\r\n\r\n<p><strong>\u039a\u0391\u03a6\u0395\u03a4\u0395\u03a1\u0399\u0391 \u039c\u039f\u03a5\u03a3\u0395\u0399\u039f\u03a5<\/strong><\/p>\r\n\r\n\r\n\r\n<p>\u03a3\u03c4\u03b7\u03bd \u039a\u03b1\u03c6\u03b5\u03c4\u03b5\u03c1\u03af\u03b1 \u03c4\u03bf\u03c5 \u039c\u03bf\u03c5\u03c3\u03b5\u03af\u03bf\u03c5 \u03c3\u03b5\u03c1\u03b2\u03af\u03c1\u03bf\u03bd\u03c4\u03b1\u03b9\u03c5\u03b3\u03b9\u03b5\u03b9\u03bd\u03ac \u03c3\u03c0\u03b9\u03c4\u03b9\u03ba\u03ac \u03b1\u03c1\u03c4\u03bf\u03c3\u03ba\u03b5\u03c5\u03ac\u03c3\u03bc\u03b1\u03c4\u03b1, \u03ba\u03ad\u03b9\u03ba \u03ba\u03b1\u03b9 \u03c0\u03af\u03c4\u03b5\u03c2 \u03ba\u03b1\u03b9 \u201c\u03b2\u03bf\u03c3\u03bd\u03b9\u03b1\u03ba\u03ae \u03b6\u03cd\u03bc\u03b7\u201d \u03b3\u03b9\u03b1 \u03c4\u03bf\u03c5\u03c2 \u00a0\u03b5\u03c0\u03b9\u03c3\u03ba\u03ad\u03c0\u03c4\u03b5\u03c2 \u03bc\u03b1\u03c2 . \u0395\u03c0\u03b9\u03c0\u03bb\u03ad\u03bf\u03bd, \u03b7 \u039a\u03b1\u03c6\u03b5\u03c4\u03b5\u03c1\u03af\u03b1\u03c4\u03bf\u03c5 \u039c\u03bf\u03c5\u03c3\u03b5\u03af\u03bf\u03c5 \u03b5\u03af\u03bd\u03b1\u03b9 \u03b1\u03bd\u03bf\u03b9\u03c7\u03c4\u03ae \u03ba\u03b1\u03b8\u03b7\u03bc\u03b5\u03c1\u03b9\u03bd\u03ac \u03ba\u03b1\u03b9\u03b5\u03af\u03bd\u03b1\u03b9 \u03b5\u03be\u03bf\u03c0\u03bb\u03b9\u03c3\u03bc\u03ad\u03bd\u03b7 \u03b3\u03b9\u03b1 \u03bd\u03b1 \u03b5\u03be\u03c5\u03c0\u03b7\u03c1\u03b5\u03c4\u03ae\u03c3\u03b5\u03b9 \u03c0\u03c1\u03c9\u03b9\u03bd\u03cc,\u03b5\u03b9\u03b4\u03b9\u03ba\u03ad\u03c2 \u03c3\u03c5\u03bd\u03b1\u03bd\u03c4\u03ae\u03c3\u03b5\u03b9\u03c2 \u03ba\u03b1\u03b9 \u03b5\u03ba\u03b4\u03b7\u03bb\u03ce\u03c3\u03b5\u03b9\u03c2.<\/p>\r\n<p>&nbsp;<\/p>\r\n<p>&nbsp;<\/p>\r\n<div style=\"width: 1280px;\" class=\"wp-video\"><!--[if lt IE 9]><script>document.createElement('video');<\/script><![endif]-->\n<video class=\"wp-video-shortcode\" id=\"video-1177-1\" width=\"1280\" height=\"720\" preload=\"metadata\" controls=\"controls\"><source type=\"video\/mp4\" src=\"http:\/\/www.osmanincimuzesi.com\/wp-content\/uploads\/2022\/09\/output.m4v?_=1\" \/><a href=\"http:\/\/www.osmanincimuzesi.com\/wp-content\/uploads\/2022\/09\/output.m4v\">http:\/\/www.osmanincimuzesi.com\/wp-content\/uploads\/2022\/09\/output.m4v<\/a><\/video><\/div>\r\n","protected":false},"excerpt":{"rendered":"<p>Osman \u0130nci M\u00fczesi, Edirne\u2019nin Karaa\u011fa\u00e7 mahallesinde 25 Kas\u0131m 2017 tarihinde a\u00e7\u0131lm\u0131\u015ft\u0131r. Karaa\u011fa\u00e7 beldesindeki yap\u0131 cepheleri ve plan tipolojisi yorumlanarak projelendirilen m\u00fcze Osman \u0130nci Bilim, Sanat, K\u00fclt\u00fcr, M\u00fczecilik ve Tur. ve Tic. A.\u015e. taraf\u0131ndan kurulmu\u015ftur. M\u00fcze i\u00e7eri\u011finde \u00e7a\u011fda\u015f resim, heykel, seramik, mozaik ve \u00e7ini, etnografik giysiler, dolma kalem ve oyuncak araba seksiyonlar\u0131 yer almaktad\u0131r. Te\u015fhir alan\u0131nda<\/p>\n","protected":false},"author":2,"featured_media":0,"parent":0,"menu_order":0,"comment_status":"closed","ping_status":"closed","template":"","meta":{"footnotes":""},"_links":{"self":[{"href":"http:\/\/www.osmanincimuzesi.com\/index.php\/wp-json\/wp\/v2\/pages\/1177"}],"collection":[{"href":"http:\/\/www.osmanincimuzesi.com\/index.php\/wp-json\/wp\/v2\/pages"}],"about":[{"href":"http:\/\/www.osmanincimuzesi.com\/index.php\/wp-json\/wp\/v2\/types\/page"}],"author":[{"embeddable":true,"href":"http:\/\/www.osmanincimuzesi.com\/index.php\/wp-json\/wp\/v2\/users\/2"}],"replies":[{"embeddable":true,"href":"http:\/\/www.osmanincimuzesi.com\/index.php\/wp-json\/wp\/v2\/comments?post=1177"}],"version-history":[{"count":9,"href":"http:\/\/www.osmanincimuzesi.com\/index.php\/wp-json\/wp\/v2\/pages\/1177\/revisions"}],"predecessor-version":[{"id":1819,"href":"http:\/\/www.osmanincimuzesi.com\/index.php\/wp-json\/wp\/v2\/pages\/1177\/revisions\/1819"}],"wp:attachment":[{"href":"http:\/\/www.osmanincimuzesi.com\/index.php\/wp-json\/wp\/v2\/media?parent=1177"}],"curies":[{"name":"wp","href":"https:\/\/api.w.org\/{rel}","templated":true}]}}